{"id":281,"date":"2020-08-07T10:28:05","date_gmt":"2020-08-07T10:28:05","guid":{"rendered":"https:\/\/zakrademos.com\/yoga\/?page_id=281"},"modified":"2021-12-03T12:02:27","modified_gmt":"2021-12-03T12:02:27","slug":"about","status":"publish","type":"page","link":"https:\/\/psychotherapeute-toulouse.com\/?page_id=281","title":{"rendered":"A PROPOS"},"content":{"rendered":"\t\t<div data-elementor-type=\"wp-post\" data-elementor-id=\"281\" class=\"elementor elementor-281\" data-elementor-settings=\"[]\">\n\t\t\t\t\t\t\t<div class=\"elementor-section-wrap\">\n\t\t\t\t\t\t\t<section class=\"elementor-section elementor-top-section elementor-element elementor-element-b538981 elementor-section-content-middle elementor-section-boxed elementor-section-height-default elementor-section-height-default\" data-id=\"b538981\" data-element_type=\"section\">\n\t\t\t\t\t\t<div class=\"elementor-container elementor-column-gap-no\">\n\t\t\t\t\t<div class=\"elementor-column elementor-col-100 elementor-top-column elementor-element elementor-element-5823fd0\" data-id=\"5823fd0\" data-element_type=\"column\">\n\t\t\t<div class=\"elementor-widget-wrap elementor-element-populated\">\n\t\t\t\t\t\t\t\t<div class=\"elementor-element elementor-element-2f1f838 elementor-widget elementor-widget-heading\" data-id=\"2f1f838\" data-element_type=\"widget\" data-widget_type=\"heading.default\">\n\t\t\t\t<div class=\"elementor-widget-container\">\n\t\t\t<h3 class=\"elementor-heading-title elementor-size-default\">Qui sommmes-nous ?<\/h3>\t\t<\/div>\n\t\t\t\t<\/div>\n\t\t\t\t<section class=\"elementor-section elementor-inner-section elementor-element elementor-element-1ca176d elementor-section-boxed elementor-section-height-default elementor-section-height-default\" data-id=\"1ca176d\" data-element_type=\"section\">\n\t\t\t\t\t\t<div class=\"elementor-container elementor-column-gap-default\">\n\t\t\t\t\t<div class=\"elementor-column elementor-col-25 elementor-inner-column elementor-element elementor-element-9089034\" data-id=\"9089034\" data-element_type=\"column\">\n\t\t\t<div class=\"elementor-widget-wrap\">\n\t\t\t\t\t\t\t\t\t<\/div>\n\t\t<\/div>\n\t\t\t\t<div class=\"elementor-column elementor-col-50 elementor-inner-column elementor-element elementor-element-410ae79\" data-id=\"410ae79\" data-element_type=\"column\">\n\t\t\t<div class=\"elementor-widget-wrap elementor-element-populated\">\n\t\t\t\t\t\t\t\t<div class=\"elementor-element elementor-element-e03d286 elementor-widget elementor-widget-text-editor\" data-id=\"e03d286\" data-element_type=\"widget\" data-widget_type=\"text-editor.default\">\n\t\t\t\t<div class=\"elementor-widget-container\">\n\t\t\t\t\t\t\t<p>Nous sommes avant tout des passionn\u00e9s de la psych\u00e9 humaine et Psychologues de formation, soucieux de la sant\u00e9 publique des toulousains. Nous cherchons \u00e0 promouvoir l&rsquo;usage des psychoth\u00e9rapies et valoriser les meilleurs psychoth\u00e9rapeutes de la r\u00e9gion.<\/p>\t\t\t\t\t\t<\/div>\n\t\t\t\t<\/div>\n\t\t\t\t\t<\/div>\n\t\t<\/div>\n\t\t\t\t<div class=\"elementor-column elementor-col-25 elementor-inner-column elementor-element elementor-element-ff809cb\" data-id=\"ff809cb\" data-element_type=\"column\">\n\t\t\t<div class=\"elementor-widget-wrap\">\n\t\t\t\t\t\t\t\t\t<\/div>\n\t\t<\/div>\n\t\t\t\t\t\t\t<\/div>\n\t\t<\/section>\n\t\t\t\t\t<\/div>\n\t\t<\/div>\n\t\t\t\t\t\t\t<\/div>\n\t\t<\/section>\n\t\t\t\t<section class=\"elementor-section elementor-top-section elementor-element elementor-element-df33bab elementor-section-content-middle elementor-section-boxed elementor-section-height-default elementor-section-height-default\" data-id=\"df33bab\" data-element_type=\"section\" data-settings=\"{&quot;background_background&quot;:&quot;classic&quot;}\">\n\t\t\t\t\t\t<div class=\"elementor-container elementor-column-gap-no\">\n\t\t\t\t\t<div class=\"elementor-column elementor-col-50 elementor-top-column elementor-element elementor-element-2f4f5d3\" data-id=\"2f4f5d3\" data-element_type=\"column\">\n\t\t\t<div class=\"elementor-widget-wrap elementor-element-populated\">\n\t\t\t\t\t\t\t\t<div class=\"elementor-element elementor-element-9853d0b elementor-widget elementor-widget-image\" data-id=\"9853d0b\" data-element_type=\"widget\" data-widget_type=\"image.default\">\n\t\t\t\t<div class=\"elementor-widget-container\">\n\t\t\t\t\t\t\t\t\t\t\t\t\t\t\t<img loading=\"lazy\" decoding=\"async\" width=\"2560\" height=\"1708\" src=\"https:\/\/psychotherapeute-toulouse.com\/wp-content\/uploads\/2021\/12\/arlington-research-Kz8nHVg_tGI-unsplash-scaled.jpg\" class=\"attachment-full size-full\" alt=\"\" srcset=\"https:\/\/psychotherapeute-toulouse.com\/wp-content\/uploads\/2021\/12\/arlington-research-Kz8nHVg_tGI-unsplash-scaled.jpg 2560w, https:\/\/psychotherapeute-toulouse.com\/wp-content\/uploads\/2021\/12\/arlington-research-Kz8nHVg_tGI-unsplash-300x200.jpg 300w, https:\/\/psychotherapeute-toulouse.com\/wp-content\/uploads\/2021\/12\/arlington-research-Kz8nHVg_tGI-unsplash-1024x683.jpg 1024w, https:\/\/psychotherapeute-toulouse.com\/wp-content\/uploads\/2021\/12\/arlington-research-Kz8nHVg_tGI-unsplash-768x513.jpg 768w, https:\/\/psychotherapeute-toulouse.com\/wp-content\/uploads\/2021\/12\/arlington-research-Kz8nHVg_tGI-unsplash-1536x1025.jpg 1536w, https:\/\/psychotherapeute-toulouse.com\/wp-content\/uploads\/2021\/12\/arlington-research-Kz8nHVg_tGI-unsplash-2048x1367.jpg 2048w\" sizes=\"auto, (max-width: 2560px) 100vw, 2560px\" \/>\t\t\t\t\t\t\t\t\t\t\t\t\t\t\t<\/div>\n\t\t\t\t<\/div>\n\t\t\t\t\t<\/div>\n\t\t<\/div>\n\t\t\t\t<div class=\"elementor-column elementor-col-50 elementor-top-column elementor-element elementor-element-740b2e1\" data-id=\"740b2e1\" data-element_type=\"column\">\n\t\t\t<div class=\"elementor-widget-wrap elementor-element-populated\">\n\t\t\t\t\t\t\t\t<div class=\"elementor-element elementor-element-63ca103 elementor-widget elementor-widget-heading\" data-id=\"63ca103\" data-element_type=\"widget\" data-widget_type=\"heading.default\">\n\t\t\t\t<div class=\"elementor-widget-container\">\n\t\t\t<h3 class=\"elementor-heading-title elementor-size-default\">NOTRE HISTOIRE<\/h3>\t\t<\/div>\n\t\t\t\t<\/div>\n\t\t\t\t<div class=\"elementor-element elementor-element-91d6283 elementor-widget elementor-widget-text-editor\" data-id=\"91d6283\" data-element_type=\"widget\" data-widget_type=\"text-editor.default\">\n\t\t\t\t<div class=\"elementor-widget-container\">\n\t\t\t\t\t\t\t<p>Nous nous sommes rencontr\u00e9s sur les bancs de la facult\u00e9. Etudiants en Psychologie, nous avons ensuite connus des trajectoires diverses mais notre Amours pour la Psychologie et les Sciences Cognitives demeure.<\/p><p>Nous voulons aider les toulousains \u00e0 se retrouver dans les diff\u00e9rentes offres d&rsquo;accompagnement : entre les diff\u00e9rents types de praticiens et les diff\u00e9rentes formes de prises en charge : de l&rsquo;\u00e9coute, au coaching en passant par le traitement m\u00e9dicamenteux.<\/p>\t\t\t\t\t\t<\/div>\n\t\t\t\t<\/div>\n\t\t\t\t\t<\/div>\n\t\t<\/div>\n\t\t\t\t\t\t\t<\/div>\n\t\t<\/section>\n\t\t\t\t<section class=\"elementor-section elementor-top-section elementor-element elementor-element-d0af8ee elementor-section-boxed elementor-section-height-default elementor-section-height-default\" data-id=\"d0af8ee\" data-element_type=\"section\">\n\t\t\t\t\t\t<div class=\"elementor-container elementor-column-gap-default\">\n\t\t\t\t\t<div class=\"elementor-column elementor-col-50 elementor-top-column elementor-element elementor-element-68b942d\" data-id=\"68b942d\" data-element_type=\"column\">\n\t\t\t<div class=\"elementor-widget-wrap elementor-element-populated\">\n\t\t\t\t\t\t\t\t<div class=\"elementor-element elementor-element-9d55a78 elementor-widget elementor-widget-heading\" data-id=\"9d55a78\" data-element_type=\"widget\" data-widget_type=\"heading.default\">\n\t\t\t\t<div class=\"elementor-widget-container\">\n\t\t\t<h2 class=\"elementor-heading-title elementor-size-default\">L' ACTU PSYCHO SUR TOULOUSE<\/h2>\t\t<\/div>\n\t\t\t\t<\/div>\n\t\t\t\t<div class=\"elementor-element elementor-element-639cdc0 elementor-widget elementor-widget-text-editor\" data-id=\"639cdc0\" data-element_type=\"widget\" data-widget_type=\"text-editor.default\">\n\t\t\t\t<div class=\"elementor-widget-container\">\n\t\t\t\t\t\t\t<ul><li><span style=\"font-style: inherit; font-weight: inherit; color: var( --e-global-color-text ); font-family: var( --e-global-typography-text-font-family ), Sans-serif;\">Fort de notre connaissance et de notre r\u00e9seau de professionnels, nous proposons une prise en charge rapide de vos probl\u00e9matique psychologique et des solutions d&rsquo;accompagnement de qualit\u00e9 aupr\u00e8s de professionnels sp\u00e9cialis\u00e9s en<\/span><\/li><\/ul><p><span style=\"font-style: inherit; font-weight: inherit; color: var( --e-global-color-text ); font-family: var( --e-global-typography-text-font-family ), Sans-serif;\">&#8211; Th\u00e9rapie familiale<\/span><\/p><p><span style=\"font-style: inherit; font-weight: inherit; color: var( --e-global-color-text ); font-family: var( --e-global-typography-text-font-family ), Sans-serif;\">&#8211; Th\u00e9rapie de couple<\/span><\/p><p><span style=\"font-style: inherit; font-weight: inherit; color: var( --e-global-color-text ); font-family: var( --e-global-typography-text-font-family ), Sans-serif;\">&#8211; Th\u00e9rapie pour enfants<\/span><\/p><p><span style=\"font-style: inherit; font-weight: inherit; color: var( --e-global-color-text ); font-family: var( --e-global-typography-text-font-family ), Sans-serif;\">&#8211; Th\u00e9rapie individuelle<\/span><\/p>\t\t\t\t\t\t<\/div>\n\t\t\t\t<\/div>\n\t\t\t\t\t<\/div>\n\t\t<\/div>\n\t\t\t\t<div class=\"elementor-column elementor-col-50 elementor-top-column elementor-element elementor-element-2499813\" data-id=\"2499813\" data-element_type=\"column\">\n\t\t\t<div class=\"elementor-widget-wrap elementor-element-populated\">\n\t\t\t\t\t\t\t\t<div class=\"elementor-element elementor-element-3b0edce elementor-widget elementor-widget-image\" data-id=\"3b0edce\" data-element_type=\"widget\" data-widget_type=\"image.default\">\n\t\t\t\t<div class=\"elementor-widget-container\">\n\t\t\t\t\t\t\t\t\t\t\t\t\t\t\t<img loading=\"lazy\" decoding=\"async\" width=\"812\" height=\"542\" src=\"https:\/\/psychotherapeute-toulouse.com\/wp-content\/uploads\/2021\/12\/christina-wocintechchat-com-LQ1t-8Ms5PY-unsplash-1024x683.jpg\" class=\"attachment-large size-large\" alt=\"\" srcset=\"https:\/\/psychotherapeute-toulouse.com\/wp-content\/uploads\/2021\/12\/christina-wocintechchat-com-LQ1t-8Ms5PY-unsplash-1024x683.jpg 1024w, https:\/\/psychotherapeute-toulouse.com\/wp-content\/uploads\/2021\/12\/christina-wocintechchat-com-LQ1t-8Ms5PY-unsplash-300x200.jpg 300w, https:\/\/psychotherapeute-toulouse.com\/wp-content\/uploads\/2021\/12\/christina-wocintechchat-com-LQ1t-8Ms5PY-unsplash-768x512.jpg 768w, https:\/\/psychotherapeute-toulouse.com\/wp-content\/uploads\/2021\/12\/christina-wocintechchat-com-LQ1t-8Ms5PY-unsplash-1536x1024.jpg 1536w\" sizes=\"auto, (max-width: 812px) 100vw, 812px\" \/>\t\t\t\t\t\t\t\t\t\t\t\t\t\t\t<\/div>\n\t\t\t\t<\/div>\n\t\t\t\t\t<\/div>\n\t\t<\/div>\n\t\t\t\t\t\t\t<\/div>\n\t\t<\/section>\n\t\t\t\t\t\t<\/div>\n\t\t\t\t\t<\/div>\n\t\t","protected":false},"excerpt":{"rendered":"<p>Qui sommmes-nous ? Nous sommes avant tout des passionn\u00e9s de la psych\u00e9 humaine et Psychologues de formation, soucieux de la sant\u00e9 publique des toulousains. Nous cherchons \u00e0 promouvoir l&rsquo;usage des psychoth\u00e9rapies et valoriser les meilleurs psychoth\u00e9rapeutes de la r\u00e9gion. NOTRE HISTOIRE Nous nous sommes rencontr\u00e9s sur les bancs de la facult\u00e9. Etudiants en Psychologie, nous [&hellip;]<\/p>\n","protected":false},"author":1,"featured_media":0,"parent":0,"menu_order":0,"comment_status":"closed","ping_status":"closed","template":"page-templates\/pagebuilder.php","meta":{"footnotes":""},"class_list":["post-281","page","type-page","status-publish","hentry"],"yoast_head":"<!-- This site is optimized with the Yoast SEO plugin v17.5 - https:\/\/yoast.com\/wordpress\/plugins\/seo\/ -->\n<title>A PROPOS - PSYCHOTHERAPEUTE TOULOUSE<\/title>\n<meta name=\"robots\" content=\"index, follow, max-snippet:-1, max-image-preview:large, max-video-preview:-1\" \/>\n<link rel=\"canonical\" href=\"https:\/\/psychotherapeute-toulouse.com\/?page_id=281\" \/>\n<meta property=\"og:locale\" content=\"fr_FR\" \/>\n<meta property=\"og:type\" content=\"article\" \/>\n<meta property=\"og:title\" content=\"A PROPOS - PSYCHOTHERAPEUTE TOULOUSE\" \/>\n<meta property=\"og:description\" content=\"Qui sommmes-nous ? Nous sommes avant tout des passionn\u00e9s de la psych\u00e9 humaine et Psychologues de formation, soucieux de la sant\u00e9 publique des toulousains. Nous cherchons \u00e0 promouvoir l&rsquo;usage des psychoth\u00e9rapies et valoriser les meilleurs psychoth\u00e9rapeutes de la r\u00e9gion. NOTRE HISTOIRE Nous nous sommes rencontr\u00e9s sur les bancs de la facult\u00e9. Etudiants en Psychologie, nous [&hellip;]\" \/>\n<meta property=\"og:url\" content=\"https:\/\/psychotherapeute-toulouse.com\/?page_id=281\" \/>\n<meta property=\"og:site_name\" content=\"PSYCHOTHERAPEUTE TOULOUSE\" \/>\n<meta property=\"article:modified_time\" content=\"2021-12-03T12:02:27+00:00\" \/>\n<meta property=\"og:image\" content=\"https:\/\/psychotherapeute-toulouse.com\/wp-content\/uploads\/2021\/12\/arlington-research-Kz8nHVg_tGI-unsplash-scaled.jpg\" \/>\n<meta name=\"twitter:card\" content=\"summary_large_image\" \/>\n<meta name=\"twitter:label1\" content=\"Dur\u00e9e de lecture est.\" \/>\n\t<meta name=\"twitter:data1\" content=\"2 minutes\" \/>\n<script type=\"application\/ld+json\" class=\"yoast-schema-graph\">{\"@context\":\"https:\/\/schema.org\",\"@graph\":[{\"@type\":\"WebSite\",\"@id\":\"https:\/\/psychotherapeute-toulouse.com\/#website\",\"url\":\"https:\/\/psychotherapeute-toulouse.com\/\",\"name\":\"PSYCHOTHERAPEUTE TOULOUSE\",\"description\":\"Ecouter votre esprit pour gu\\u00e9rir votre coeur\",\"potentialAction\":[{\"@type\":\"SearchAction\",\"target\":{\"@type\":\"EntryPoint\",\"urlTemplate\":\"https:\/\/psychotherapeute-toulouse.com\/?s={search_term_string}\"},\"query-input\":\"required name=search_term_string\"}],\"inLanguage\":\"fr-FR\"},{\"@type\":\"ImageObject\",\"@id\":\"https:\/\/psychotherapeute-toulouse.com\/?page_id=281#primaryimage\",\"inLanguage\":\"fr-FR\",\"url\":\"https:\/\/psychotherapeute-toulouse.com\/wp-content\/uploads\/2021\/12\/arlington-research-Kz8nHVg_tGI-unsplash-scaled.jpg\",\"contentUrl\":\"https:\/\/psychotherapeute-toulouse.com\/wp-content\/uploads\/2021\/12\/arlington-research-Kz8nHVg_tGI-unsplash-scaled.jpg\",\"width\":2560,\"height\":1708},{\"@type\":\"WebPage\",\"@id\":\"https:\/\/psychotherapeute-toulouse.com\/?page_id=281#webpage\",\"url\":\"https:\/\/psychotherapeute-toulouse.com\/?page_id=281\",\"name\":\"A PROPOS - PSYCHOTHERAPEUTE TOULOUSE\",\"isPartOf\":{\"@id\":\"https:\/\/psychotherapeute-toulouse.com\/#website\"},\"primaryImageOfPage\":{\"@id\":\"https:\/\/psychotherapeute-toulouse.com\/?page_id=281#primaryimage\"},\"datePublished\":\"2020-08-07T10:28:05+00:00\",\"dateModified\":\"2021-12-03T12:02:27+00:00\",\"breadcrumb\":{\"@id\":\"https:\/\/psychotherapeute-toulouse.com\/?page_id=281#breadcrumb\"},\"inLanguage\":\"fr-FR\",\"potentialAction\":[{\"@type\":\"ReadAction\",\"target\":[\"https:\/\/psychotherapeute-toulouse.com\/?page_id=281\"]}]},{\"@type\":\"BreadcrumbList\",\"@id\":\"https:\/\/psychotherapeute-toulouse.com\/?page_id=281#breadcrumb\",\"itemListElement\":[{\"@type\":\"ListItem\",\"position\":1,\"name\":\"Accueil\",\"item\":\"https:\/\/psychotherapeute-toulouse.com\/\"},{\"@type\":\"ListItem\",\"position\":2,\"name\":\"A PROPOS\"}]}]}<\/script>\n<!-- \/ Yoast SEO plugin. -->","yoast_head_json":{"title":"A PROPOS - PSYCHOTHERAPEUTE TOULOUSE","robots":{"index":"index","follow":"follow","max-snippet":"max-snippet:-1","max-image-preview":"max-image-preview:large","max-video-preview":"max-video-preview:-1"},"canonical":"https:\/\/psychotherapeute-toulouse.com\/?page_id=281","og_locale":"fr_FR","og_type":"article","og_title":"A PROPOS - PSYCHOTHERAPEUTE TOULOUSE","og_description":"Qui sommmes-nous ? Nous sommes avant tout des passionn\u00e9s de la psych\u00e9 humaine et Psychologues de formation, soucieux de la sant\u00e9 publique des toulousains. Nous cherchons \u00e0 promouvoir l&rsquo;usage des psychoth\u00e9rapies et valoriser les meilleurs psychoth\u00e9rapeutes de la r\u00e9gion. NOTRE HISTOIRE Nous nous sommes rencontr\u00e9s sur les bancs de la facult\u00e9. Etudiants en Psychologie, nous [&hellip;]","og_url":"https:\/\/psychotherapeute-toulouse.com\/?page_id=281","og_site_name":"PSYCHOTHERAPEUTE TOULOUSE","article_modified_time":"2021-12-03T12:02:27+00:00","og_image":[{"url":"https:\/\/psychotherapeute-toulouse.com\/wp-content\/uploads\/2021\/12\/arlington-research-Kz8nHVg_tGI-unsplash-scaled.jpg"}],"twitter_card":"summary_large_image","twitter_misc":{"Dur\u00e9e de lecture est.":"2 minutes"},"schema":{"@context":"https:\/\/schema.org","@graph":[{"@type":"WebSite","@id":"https:\/\/psychotherapeute-toulouse.com\/#website","url":"https:\/\/psychotherapeute-toulouse.com\/","name":"PSYCHOTHERAPEUTE TOULOUSE","description":"Ecouter votre esprit pour gu\u00e9rir votre coeur","potentialAction":[{"@type":"SearchAction","target":{"@type":"EntryPoint","urlTemplate":"https:\/\/psychotherapeute-toulouse.com\/?s={search_term_string}"},"query-input":"required name=search_term_string"}],"inLanguage":"fr-FR"},{"@type":"ImageObject","@id":"https:\/\/psychotherapeute-toulouse.com\/?page_id=281#primaryimage","inLanguage":"fr-FR","url":"https:\/\/psychotherapeute-toulouse.com\/wp-content\/uploads\/2021\/12\/arlington-research-Kz8nHVg_tGI-unsplash-scaled.jpg","contentUrl":"https:\/\/psychotherapeute-toulouse.com\/wp-content\/uploads\/2021\/12\/arlington-research-Kz8nHVg_tGI-unsplash-scaled.jpg","width":2560,"height":1708},{"@type":"WebPage","@id":"https:\/\/psychotherapeute-toulouse.com\/?page_id=281#webpage","url":"https:\/\/psychotherapeute-toulouse.com\/?page_id=281","name":"A PROPOS - PSYCHOTHERAPEUTE TOULOUSE","isPartOf":{"@id":"https:\/\/psychotherapeute-toulouse.com\/#website"},"primaryImageOfPage":{"@id":"https:\/\/psychotherapeute-toulouse.com\/?page_id=281#primaryimage"},"datePublished":"2020-08-07T10:28:05+00:00","dateModified":"2021-12-03T12:02:27+00:00","breadcrumb":{"@id":"https:\/\/psychotherapeute-toulouse.com\/?page_id=281#breadcrumb"},"inLanguage":"fr-FR","potentialAction":[{"@type":"ReadAction","target":["https:\/\/psychotherapeute-toulouse.com\/?page_id=281"]}]},{"@type":"BreadcrumbList","@id":"https:\/\/psychotherapeute-toulouse.com\/?page_id=281#breadcrumb","itemListElement":[{"@type":"ListItem","position":1,"name":"Accueil","item":"https:\/\/psychotherapeute-toulouse.com\/"},{"@type":"ListItem","position":2,"name":"A PROPOS"}]}]}},"_links":{"self":[{"href":"https:\/\/psychotherapeute-toulouse.com\/index.php?rest_route=\/wp\/v2\/pages\/281","targetHints":{"allow":["GET"]}}],"collection":[{"href":"https:\/\/psychotherapeute-toulouse.com\/index.php?rest_route=\/wp\/v2\/pages"}],"about":[{"href":"https:\/\/psychotherapeute-toulouse.com\/index.php?rest_route=\/wp\/v2\/types\/page"}],"author":[{"embeddable":true,"href":"https:\/\/psychotherapeute-toulouse.com\/index.php?rest_route=\/wp\/v2\/users\/1"}],"replies":[{"embeddable":true,"href":"https:\/\/psychotherapeute-toulouse.com\/index.php?rest_route=%2Fwp%2Fv2%2Fcomments&post=281"}],"version-history":[{"count":14,"href":"https:\/\/psychotherapeute-toulouse.com\/index.php?rest_route=\/wp\/v2\/pages\/281\/revisions"}],"predecessor-version":[{"id":440,"href":"https:\/\/psychotherapeute-toulouse.com\/index.php?rest_route=\/wp\/v2\/pages\/281\/revisions\/440"}],"wp:attachment":[{"href":"https:\/\/psychotherapeute-toulouse.com\/index.php?rest_route=%2Fwp%2Fv2%2Fmedia&parent=281"}],"curies":[{"name":"wp","href":"https:\/\/api.w.org\/{rel}","templated":true}]}}