{"id":298,"date":"2020-08-10T08:27:13","date_gmt":"2020-08-10T08:27:13","guid":{"rendered":"https:\/\/zakrademos.com\/yoga\/?page_id=298"},"modified":"2021-12-03T12:17:22","modified_gmt":"2021-12-03T12:17:22","slug":"contact-nous","status":"publish","type":"page","link":"https:\/\/psychotherapeute-toulouse.com\/?page_id=298","title":{"rendered":"CONTACT"},"content":{"rendered":"\t\t<div data-elementor-type=\"wp-post\" data-elementor-id=\"298\" class=\"elementor elementor-298\" data-elementor-settings=\"[]\">\n\t\t\t\t\t\t\t<div class=\"elementor-section-wrap\">\n\t\t\t\t\t\t\t<section class=\"elementor-section elementor-top-section elementor-element elementor-element-d03094a elementor-section-boxed elementor-section-height-default elementor-section-height-default\" data-id=\"d03094a\" data-element_type=\"section\">\n\t\t\t\t\t\t<div class=\"elementor-container elementor-column-gap-no\">\n\t\t\t\t\t<div class=\"elementor-column elementor-col-100 elementor-top-column elementor-element elementor-element-1007461\" data-id=\"1007461\" data-element_type=\"column\">\n\t\t\t<div class=\"elementor-widget-wrap elementor-element-populated\">\n\t\t\t\t\t\t\t\t<div class=\"elementor-element elementor-element-1267a6a elementor-widget elementor-widget-google_maps\" data-id=\"1267a6a\" data-element_type=\"widget\" data-widget_type=\"google_maps.default\">\n\t\t\t\t<div class=\"elementor-widget-container\">\n\t\t\t\t\t<div class=\"elementor-custom-embed\">\n\t\t\t<iframe frameborder=\"0\" scrolling=\"no\" marginheight=\"0\" marginwidth=\"0\"\n\t\t\t\t\tsrc=\"https:\/\/maps.google.com\/maps?q=Rue%20des%20Potiers%2031000&#038;t=m&#038;z=10&#038;output=embed&#038;iwloc=near\"\n\t\t\t\t\ttitle=\"Rue des Potiers 31000\"\n\t\t\t\t\taria-label=\"Rue des Potiers 31000\"\n\t\t\t><\/iframe>\n\t\t<\/div>\n\t\t\t\t<\/div>\n\t\t\t\t<\/div>\n\t\t\t\t\t<\/div>\n\t\t<\/div>\n\t\t\t\t\t\t\t<\/div>\n\t\t<\/section>\n\t\t\t\t<section class=\"elementor-section elementor-top-section elementor-element elementor-element-71732225 elementor-section-boxed elementor-section-height-default elementor-section-height-default\" data-id=\"71732225\" data-element_type=\"section\" data-settings=\"{&quot;background_background&quot;:&quot;classic&quot;}\">\n\t\t\t\t\t\t<div class=\"elementor-container elementor-column-gap-no\">\n\t\t\t\t\t<div class=\"elementor-column elementor-col-50 elementor-top-column elementor-element elementor-element-8430f11\" data-id=\"8430f11\" data-element_type=\"column\">\n\t\t\t<div class=\"elementor-widget-wrap elementor-element-populated\">\n\t\t\t\t\t\t\t\t<div class=\"elementor-element elementor-element-553d331 elementor-widget elementor-widget-heading\" data-id=\"553d331\" data-element_type=\"widget\" data-widget_type=\"heading.default\">\n\t\t\t\t<div class=\"elementor-widget-container\">\n\t\t\t<h3 class=\"elementor-heading-title elementor-size-default\">NOUS CONTACTER<\/h3>\t\t<\/div>\n\t\t\t\t<\/div>\n\t\t\t\t<div class=\"elementor-element elementor-element-ea0a192 elementor-widget elementor-widget-text-editor\" data-id=\"ea0a192\" data-element_type=\"widget\" data-widget_type=\"text-editor.default\">\n\t\t\t\t<div class=\"elementor-widget-container\">\n\t\t\t\t\t\t\t<p>Vous recherchez un professionnel pour une psychoth\u00e9rapie ou un simple entretien t\u00e9l\u00e9phonique pour parler ? Veuillez nous contacter par ce formulaire.<\/p>\t\t\t\t\t\t<\/div>\n\t\t\t\t<\/div>\n\t\t\t\t<div class=\"elementor-element elementor-element-ded4e08 elementor-icon-list--layout-traditional elementor-list-item-link-full_width elementor-widget elementor-widget-icon-list\" data-id=\"ded4e08\" data-element_type=\"widget\" data-widget_type=\"icon-list.default\">\n\t\t\t\t<div class=\"elementor-widget-container\">\n\t\t\t\t\t<ul class=\"elementor-icon-list-items\">\n\t\t\t\t\t\t\t<li class=\"elementor-icon-list-item\">\n\t\t\t\t\t\t\t\t\t\t\t<span class=\"elementor-icon-list-icon\">\n\t\t\t\t\t\t\t<i aria-hidden=\"true\" class=\"fas fa-map-pin\"><\/i>\t\t\t\t\t\t<\/span>\n\t\t\t\t\t\t\t\t\t\t<span class=\"elementor-icon-list-text\">Rue des Potiers, 31000 Toulouse<\/span>\n\t\t\t\t\t\t\t\t\t<\/li>\n\t\t\t\t\t\t\t\t<li class=\"elementor-icon-list-item\">\n\t\t\t\t\t\t\t\t\t\t\t<span class=\"elementor-icon-list-icon\">\n\t\t\t\t\t\t\t<i aria-hidden=\"true\" class=\"fas fa-phone\"><\/i>\t\t\t\t\t\t<\/span>\n\t\t\t\t\t\t\t\t\t\t<span class=\"elementor-icon-list-text\">05 79 50 27 11<\/span>\n\t\t\t\t\t\t\t\t\t<\/li>\n\t\t\t\t\t\t\t\t<li class=\"elementor-icon-list-item\">\n\t\t\t\t\t\t\t\t\t\t\t<span class=\"elementor-icon-list-icon\">\n\t\t\t\t\t\t\t<i aria-hidden=\"true\" class=\"fas fa-share\"><\/i>\t\t\t\t\t\t<\/span>\n\t\t\t\t\t\t\t\t\t\t<span class=\"elementor-icon-list-text\">contact@psychotherapeute-toulouse.com<\/span>\n\t\t\t\t\t\t\t\t\t<\/li>\n\t\t\t\t\t\t<\/ul>\n\t\t\t\t<\/div>\n\t\t\t\t<\/div>\n\t\t\t\t\t<\/div>\n\t\t<\/div>\n\t\t\t\t<div class=\"elementor-column elementor-col-50 elementor-top-column elementor-element elementor-element-63d62b87\" data-id=\"63d62b87\" data-element_type=\"column\">\n\t\t\t<div class=\"elementor-widget-wrap elementor-element-populated\">\n\t\t\t\t\t\t\t\t<div class=\"elementor-element elementor-element-dd5396d elementor-widget elementor-widget-shortcode\" data-id=\"dd5396d\" data-element_type=\"widget\" data-widget_type=\"shortcode.default\">\n\t\t\t\t<div class=\"elementor-widget-container\">\n\t\t\t\t\t<div class=\"elementor-shortcode\"><div class=\"everest-forms\"><div class=\"evf-container default\" id=\"evf-108\"><form id=\"evf-form-108\" class=\"everest-form\" data-formid=\"108\" data-ajax_submission=\"0\" method=\"post\" enctype=\"multipart\/form-data\" action=\"\/index.php?rest_route=%2Fwp%2Fv2%2Fpages%2F298\"><div class=\"evf-field-container\"><input type=\"hidden\" id=\"_wpnonce\" name=\"_wpnonce\" value=\"4b4a393d56\" \/><input type=\"hidden\" name=\"_wp_http_referer\" value=\"\/index.php?rest_route=%2Fwp%2Fv2%2Fpages%2F298\" \/><div class=\"evf-frontend-row\" data-row=\"row_1\"><div class=\"evf-frontend-grid evf-grid-2\" data-grid=\"grid_1\"><div id=\"evf-108-field_fullname-container\" class=\"evf-field evf-field-text form-row validate-required\" data-required-field-message=\"Ce champ est n\u00e9cessaire.\" data-field-id=\"fullname\"><label class=\"evf-field-label evf-label-hide\" for=\"evf-108-field_fullname\"><span class=\"evf-label\">Name<\/span> <abbr class=\"required\" title=\"N\u00e9cessaire\">*<\/abbr><\/label><input type=\"text\" id=\"evf-108-field_fullname\" class=\"input-text\" name=\"everest_forms[form_fields][fullname]\" placeholder=\"Name\" required><\/div><div id=\"evf-108-field_email-container\" class=\"evf-field evf-field-email form-row validate-required validate-email\" data-required-field-message=\"Veuillez entrer une adresse e-mail valide.\" data-field-id=\"email\"><label class=\"evf-field-label evf-label-hide\" for=\"evf-108-field_email\"><span class=\"evf-label\">Email<\/span> <abbr class=\"required\" title=\"N\u00e9cessaire\">*<\/abbr><\/label><input type=\"email\" id=\"evf-108-field_email\" class=\"input-text\" name=\"everest_forms[form_fields][email]\" placeholder=\"Email\" required><\/div><div id=\"evf-108-field_wgA53d0a7M-1-container\" class=\"evf-field evf-field-number form-row\" data-field-id=\"wgA53d0a7M-1\"><label class=\"evf-field-label evf-label-hide\" for=\"evf-108-field_wgA53d0a7M-1\"><span class=\"evf-label\">Number<\/span> <\/label><input type=\"number\" id=\"evf-108-field_wgA53d0a7M-1\" class=\"input-text\" name=\"everest_forms[form_fields][wgA53d0a7M-1]\" placeholder=\"Phone\" step=\"1\"  \/><\/div><\/div><div class=\"evf-frontend-grid evf-grid-2\" data-grid=\"grid_2\"><div id=\"evf-108-field_subject-container\" class=\"evf-field evf-field-text form-row validate-required\" data-required-field-message=\"Ce champ est n\u00e9cessaire.\" data-field-id=\"subject\"><label class=\"evf-field-label evf-label-hide\" for=\"evf-108-field_subject\"><span class=\"evf-label\">Subject<\/span> <abbr class=\"required\" title=\"N\u00e9cessaire\">*<\/abbr><\/label><input type=\"text\" id=\"evf-108-field_subject\" class=\"input-text\" name=\"everest_forms[form_fields][subject]\" placeholder=\"Subject\" required><\/div><div id=\"evf-108-field_message-container\" class=\"evf-field evf-field-textarea form-row\" data-field-id=\"message\"><label class=\"evf-field-label evf-label-hide\" for=\"evf-108-field_message\"><span class=\"evf-label\">Message<\/span> <\/label><textarea id=\"evf-108-field_message\" class=\"input-text\" name=\"everest_forms[form_fields][message]\" placeholder=\"Message\" ><\/textarea><\/div><\/div><\/div><\/div><div class=\"evf-honeypot-container evf-field-hp\"><label for=\"evf-108-field-hp\" class=\"evf-field-label\">Phone<\/label><input type=\"text\" name=\"everest_forms[hp]\" id=\"evf-108-field-hp\" class=\"input-text\"><\/div><div class=\"evf-submit-container \" ><input type=\"hidden\" name=\"everest_forms[id]\" value=\"108\"><input type=\"hidden\" name=\"everest_forms[author]\" value=\"1\"><button type='submit' name='everest_forms[submit]' class='everest-forms-submit-button button evf-submit ' id='evf-submit-108' value='evf-submit' data-process-text=\"Processing\u2026\" conditional_rules='\"\"' conditional_id='evf-submit-108' >Submit<\/button><\/div><\/form><\/div><!-- .evf-container --><\/div><\/div>\n\t\t\t\t<\/div>\n\t\t\t\t<\/div>\n\t\t\t\t\t<\/div>\n\t\t<\/div>\n\t\t\t\t\t\t\t<\/div>\n\t\t<\/section>\n\t\t\t\t\t\t<\/div>\n\t\t\t\t\t<\/div>\n\t\t","protected":false},"excerpt":{"rendered":"<p>NOUS CONTACTER Vous recherchez un professionnel pour une psychoth\u00e9rapie ou un simple entretien t\u00e9l\u00e9phonique pour parler ? Veuillez nous contacter par ce formulaire. Rue des Potiers, 31000 Toulouse 05 79 50 27 11 contact@psychotherapeute-toulouse.com<\/p>\n","protected":false},"author":1,"featured_media":0,"parent":0,"menu_order":0,"comment_status":"closed","ping_status":"closed","template":"page-templates\/pagebuilder.php","meta":{"footnotes":""},"class_list":["post-298","page","type-page","status-publish","hentry"],"yoast_head":"<!-- This site is optimized with the Yoast SEO plugin v17.5 - https:\/\/yoast.com\/wordpress\/plugins\/seo\/ -->\n<title>CONTACT - PSYCHOTHERAPEUTE TOULOUSE<\/title>\n<meta name=\"robots\" content=\"index, follow, max-snippet:-1, max-image-preview:large, max-video-preview:-1\" \/>\n<link rel=\"canonical\" href=\"https:\/\/psychotherapeute-toulouse.com\/?page_id=298\" \/>\n<meta property=\"og:locale\" content=\"fr_FR\" \/>\n<meta property=\"og:type\" content=\"article\" \/>\n<meta property=\"og:title\" content=\"CONTACT - PSYCHOTHERAPEUTE TOULOUSE\" \/>\n<meta property=\"og:description\" content=\"NOUS CONTACTER Vous recherchez un professionnel pour une psychoth\u00e9rapie ou un simple entretien t\u00e9l\u00e9phonique pour parler ? Veuillez nous contacter par ce formulaire. Rue des Potiers, 31000 Toulouse 05 79 50 27 11 contact@psychotherapeute-toulouse.com\" \/>\n<meta property=\"og:url\" content=\"https:\/\/psychotherapeute-toulouse.com\/?page_id=298\" \/>\n<meta property=\"og:site_name\" content=\"PSYCHOTHERAPEUTE TOULOUSE\" \/>\n<meta property=\"article:modified_time\" content=\"2021-12-03T12:17:22+00:00\" \/>\n<meta name=\"twitter:card\" content=\"summary_large_image\" \/>\n<meta name=\"twitter:label1\" content=\"Dur\u00e9e de lecture est.\" \/>\n\t<meta name=\"twitter:data1\" content=\"1 minute\" \/>\n<script type=\"application\/ld+json\" class=\"yoast-schema-graph\">{\"@context\":\"https:\/\/schema.org\",\"@graph\":[{\"@type\":\"WebSite\",\"@id\":\"https:\/\/psychotherapeute-toulouse.com\/#website\",\"url\":\"https:\/\/psychotherapeute-toulouse.com\/\",\"name\":\"PSYCHOTHERAPEUTE TOULOUSE\",\"description\":\"Ecouter votre esprit pour gu\\u00e9rir votre coeur\",\"potentialAction\":[{\"@type\":\"SearchAction\",\"target\":{\"@type\":\"EntryPoint\",\"urlTemplate\":\"https:\/\/psychotherapeute-toulouse.com\/?s={search_term_string}\"},\"query-input\":\"required name=search_term_string\"}],\"inLanguage\":\"fr-FR\"},{\"@type\":\"WebPage\",\"@id\":\"https:\/\/psychotherapeute-toulouse.com\/?page_id=298#webpage\",\"url\":\"https:\/\/psychotherapeute-toulouse.com\/?page_id=298\",\"name\":\"CONTACT - PSYCHOTHERAPEUTE TOULOUSE\",\"isPartOf\":{\"@id\":\"https:\/\/psychotherapeute-toulouse.com\/#website\"},\"datePublished\":\"2020-08-10T08:27:13+00:00\",\"dateModified\":\"2021-12-03T12:17:22+00:00\",\"breadcrumb\":{\"@id\":\"https:\/\/psychotherapeute-toulouse.com\/?page_id=298#breadcrumb\"},\"inLanguage\":\"fr-FR\",\"potentialAction\":[{\"@type\":\"ReadAction\",\"target\":[\"https:\/\/psychotherapeute-toulouse.com\/?page_id=298\"]}]},{\"@type\":\"BreadcrumbList\",\"@id\":\"https:\/\/psychotherapeute-toulouse.com\/?page_id=298#breadcrumb\",\"itemListElement\":[{\"@type\":\"ListItem\",\"position\":1,\"name\":\"Accueil\",\"item\":\"https:\/\/psychotherapeute-toulouse.com\/\"},{\"@type\":\"ListItem\",\"position\":2,\"name\":\"CONTACT\"}]}]}<\/script>\n<!-- \/ Yoast SEO plugin. -->","yoast_head_json":{"title":"CONTACT - PSYCHOTHERAPEUTE TOULOUSE","robots":{"index":"index","follow":"follow","max-snippet":"max-snippet:-1","max-image-preview":"max-image-preview:large","max-video-preview":"max-video-preview:-1"},"canonical":"https:\/\/psychotherapeute-toulouse.com\/?page_id=298","og_locale":"fr_FR","og_type":"article","og_title":"CONTACT - PSYCHOTHERAPEUTE TOULOUSE","og_description":"NOUS CONTACTER Vous recherchez un professionnel pour une psychoth\u00e9rapie ou un simple entretien t\u00e9l\u00e9phonique pour parler ? Veuillez nous contacter par ce formulaire. Rue des Potiers, 31000 Toulouse 05 79 50 27 11 contact@psychotherapeute-toulouse.com","og_url":"https:\/\/psychotherapeute-toulouse.com\/?page_id=298","og_site_name":"PSYCHOTHERAPEUTE TOULOUSE","article_modified_time":"2021-12-03T12:17:22+00:00","twitter_card":"summary_large_image","twitter_misc":{"Dur\u00e9e de lecture est.":"1 minute"},"schema":{"@context":"https:\/\/schema.org","@graph":[{"@type":"WebSite","@id":"https:\/\/psychotherapeute-toulouse.com\/#website","url":"https:\/\/psychotherapeute-toulouse.com\/","name":"PSYCHOTHERAPEUTE TOULOUSE","description":"Ecouter votre esprit pour gu\u00e9rir votre coeur","potentialAction":[{"@type":"SearchAction","target":{"@type":"EntryPoint","urlTemplate":"https:\/\/psychotherapeute-toulouse.com\/?s={search_term_string}"},"query-input":"required name=search_term_string"}],"inLanguage":"fr-FR"},{"@type":"WebPage","@id":"https:\/\/psychotherapeute-toulouse.com\/?page_id=298#webpage","url":"https:\/\/psychotherapeute-toulouse.com\/?page_id=298","name":"CONTACT - PSYCHOTHERAPEUTE TOULOUSE","isPartOf":{"@id":"https:\/\/psychotherapeute-toulouse.com\/#website"},"datePublished":"2020-08-10T08:27:13+00:00","dateModified":"2021-12-03T12:17:22+00:00","breadcrumb":{"@id":"https:\/\/psychotherapeute-toulouse.com\/?page_id=298#breadcrumb"},"inLanguage":"fr-FR","potentialAction":[{"@type":"ReadAction","target":["https:\/\/psychotherapeute-toulouse.com\/?page_id=298"]}]},{"@type":"BreadcrumbList","@id":"https:\/\/psychotherapeute-toulouse.com\/?page_id=298#breadcrumb","itemListElement":[{"@type":"ListItem","position":1,"name":"Accueil","item":"https:\/\/psychotherapeute-toulouse.com\/"},{"@type":"ListItem","position":2,"name":"CONTACT"}]}]}},"_links":{"self":[{"href":"https:\/\/psychotherapeute-toulouse.com\/index.php?rest_route=\/wp\/v2\/pages\/298","targetHints":{"allow":["GET"]}}],"collection":[{"href":"https:\/\/psychotherapeute-toulouse.com\/index.php?rest_route=\/wp\/v2\/pages"}],"about":[{"href":"https:\/\/psychotherapeute-toulouse.com\/index.php?rest_route=\/wp\/v2\/types\/page"}],"author":[{"embeddable":true,"href":"https:\/\/psychotherapeute-toulouse.com\/index.php?rest_route=\/wp\/v2\/users\/1"}],"replies":[{"embeddable":true,"href":"https:\/\/psychotherapeute-toulouse.com\/index.php?rest_route=%2Fwp%2Fv2%2Fcomments&post=298"}],"version-history":[{"count":11,"href":"https:\/\/psychotherapeute-toulouse.com\/index.php?rest_route=\/wp\/v2\/pages\/298\/revisions"}],"predecessor-version":[{"id":451,"href":"https:\/\/psychotherapeute-toulouse.com\/index.php?rest_route=\/wp\/v2\/pages\/298\/revisions\/451"}],"wp:attachment":[{"href":"https:\/\/psychotherapeute-toulouse.com\/index.php?rest_route=%2Fwp%2Fv2%2Fmedia&parent=298"}],"curies":[{"name":"wp","href":"https:\/\/api.w.org\/{rel}","templated":true}]}}